{"id":9,"date":"2020-10-20T18:49:20","date_gmt":"2020-10-20T16:49:20","guid":{"rendered":"https:\/\/ht16eilbek.wordpress.com\/?page_id=9"},"modified":"2020-10-20T18:49:20","modified_gmt":"2020-10-20T16:49:20","slug":"about","status":"publish","type":"page","link":"https:\/\/ht16sce.de\/?page_id=9","title":{"rendered":"Steckbriefe"},"content":{"rendered":"\n<div style=\"height:20px;\" aria-hidden=\"true\" class=\"wp-block-spacer\"><\/div>\n\n\n\n<div class=\"wp-block-group alignfull\"><div class=\"wp-block-group__inner-container is-layout-flow wp-block-group-is-layout-flow\">\n<div class=\"wp-block-jetpack-layout-grid alignfull column1-desktop-grid__span-3 column1-desktop-grid__start-2 column1-desktop-grid__row-1 column2-desktop-grid__span-6 column2-desktop-grid__start-6 column2-desktop-grid__row-1 column1-tablet-grid__span-3 column1-tablet-grid__row-1 column2-tablet-grid__span-5 column2-tablet-grid__start-4 column2-tablet-grid__row-1 column1-mobile-grid__span-4 column1-mobile-grid__row-1 column2-mobile-grid__span-4 column2-mobile-grid__row-2\">\n<div class=\"wp-block-jetpack-layout-grid-column wp-block-jetpack-layout-grid__padding-none\">\n<figure class=\"wp-block-image size-large is-style-circle-mask\"><img fetchpriority=\"high\" decoding=\"async\" width=\"1280\" height=\"720\" src=\"https:\/\/ht16sce.de\/wp-content\/uploads\/2020\/11\/handballharz-1280x720-1.jpg?w=1024\" alt=\"\" class=\"wp-image-97\" srcset=\"https:\/\/ht16sce.de\/wp-content\/uploads\/2020\/11\/handballharz-1280x720-1.jpg 1280w, https:\/\/ht16sce.de\/wp-content\/uploads\/2020\/11\/handballharz-1280x720-1-300x169.jpg 300w, https:\/\/ht16sce.de\/wp-content\/uploads\/2020\/11\/handballharz-1280x720-1-1024x576.jpg 1024w, https:\/\/ht16sce.de\/wp-content\/uploads\/2020\/11\/handballharz-1280x720-1-768x432.jpg 768w\" sizes=\"(max-width: 1280px) 100vw, 1280px\" \/><\/figure>\n<\/div>\n\n\n\n<div class=\"wp-block-jetpack-layout-grid-column wp-block-jetpack-layout-grid__padding-none\">\n<h2 class=\"wp-block-heading\" id=\"moin-hier-ermoglichen-wir-dir-einen-ersten-einblick-in-unsere-kabine\">Moin! Hier erm\u00f6glichen wir dir einen ersten Einblick in unsere Kabine.<\/h2>\n\n\n\n<p>Hinter einer erfolgreichen Mannschaft stehen nat\u00fcrlich spannende Charaktere. Auf dieser Seite findest du einige private Informationen \u00fcber die Spieler der ersten Mannschaft der SG HT16\/SCE.<\/p>\n<\/div>\n<\/div>\n\n\n\n<div class=\"wp-block-group alignfull\"><div class=\"wp-block-group__inner-container is-layout-flow wp-block-group-is-layout-flow\">\n<p class=\"has-text-align-center\"><strong><em>Wer ist eigentlich&#8230; der Coach?<\/em><\/strong><\/p>\n<\/div><\/div>\n\n\n<div class=\"wp-block-image\">\n<figure class=\"aligncenter size-large\"><img decoding=\"async\" width=\"384\" height=\"420\" src=\"https:\/\/ht16sce.de\/wp-content\/uploads\/2021\/09\/image-1.jpg?w=384\" alt=\"\" class=\"wp-image-226\" srcset=\"https:\/\/ht16sce.de\/wp-content\/uploads\/2021\/09\/image-1.jpg 384w, https:\/\/ht16sce.de\/wp-content\/uploads\/2021\/09\/image-1-274x300.jpg 274w\" sizes=\"(max-width: 384px) 100vw, 384px\" \/><\/figure>\n<\/div>\n\n\n<p class=\"has-text-align-center\"><strong><em>Steckbrief<\/em><\/strong><\/p>\n\n\n\n<p>Trikotnummer: Coach<\/p>\n\n\n\n<p>Lieblingsgetr\u00e4nk: Kakao\/ Gin Tonic<\/p>\n\n\n\n<p>Was ist dein Lieblings-Kosename? Schatzi<\/p>\n\n\n\n<p>Welches Tier w\u00e4rst du gern? Albatross<\/p>\n\n\n\n<p>Welches Obst w\u00e4rst du? Mango<\/p>\n\n\n\n<p>An was denkst du zuerst bei folgenden W\u00f6rtern:<\/p>\n\n\n\n<ul class=\"wp-block-list\">\n<li>Talkshow: Zwei bei Kalwass<\/li>\n\n\n\n<li>Schokolade: esse ich (leider) zu viel<\/li>\n\n\n\n<li>Alkohol: Gin-Tonic<\/li>\n\n\n\n<li>Licht: Schatten<\/li>\n\n\n\n<li>7-Meter: 7-m Killer<\/li>\n<\/ul>\n\n\n\n<p class=\"has-text-align-center\"><strong><em>Wer ist eigentlich&#8230; Mats?<\/em><\/strong><\/p>\n\n\n\n<p><\/p>\n<\/div><\/div>\n\n\n<div class=\"wp-block-image\">\n<figure class=\"aligncenter size-large is-resized\"><img decoding=\"async\" src=\"https:\/\/ht16sce.de\/wp-content\/uploads\/2020\/11\/6971be43-f189-47b5-a164-2c03ed3423bc-1.jpg?w=428\" alt=\"\" class=\"wp-image-76\" width=\"305\" height=\"728\" srcset=\"https:\/\/ht16sce.de\/wp-content\/uploads\/2020\/11\/6971be43-f189-47b5-a164-2c03ed3423bc-1.jpg 502w, https:\/\/ht16sce.de\/wp-content\/uploads\/2020\/11\/6971be43-f189-47b5-a164-2c03ed3423bc-1-126x300.jpg 126w\" sizes=\"(max-width: 305px) 100vw, 305px\" \/><\/figure>\n<\/div>\n\n\n<p class=\"has-text-align-center\"><strong><em>Steckbrief<\/em><\/strong><\/p>\n\n\n\n<p>Trikotnummer: 39<\/p>\n\n\n\n<p>Lieblingsgetr\u00e4nk: Ratsherrn<\/p>\n\n\n\n<p>Was ist dein Lieblings-Kosename? Hase<\/p>\n\n\n\n<p>Welches Tier w\u00e4rst du gern? Igel<\/p>\n\n\n\n<p>Welches Obst w\u00e4rst du? Banane<\/p>\n\n\n\n<p>An was denkst du zuerst bei folgenden W\u00f6rtern:<\/p>\n\n\n\n<ul class=\"wp-block-list\">\n<li>Talkshow: Arabella<\/li>\n\n\n\n<li>Schokolade: Wei\u00df<\/li>\n\n\n\n<li>Alkohol: Bier<\/li>\n\n\n\n<li>Licht: Morgen<\/li>\n\n\n\n<li>7-Meter: 100%<\/li>\n<\/ul>\n\n\n\n<p><\/p>\n\n\n\n<p class=\"has-text-align-center\"><strong><em>Wer ist eigentlich&#8230; Nico?<\/em><\/strong><\/p>\n\n\n<div class=\"wp-block-image\">\n<figure class=\"aligncenter size-large\"><img decoding=\"async\" src=\"https:\/\/ht16sce.de\/wp-content\/uploads\/2020\/11\/p1010409-1.jpg?w=1024\" alt=\"\" class=\"wp-image-111\" \/><\/figure>\n<\/div>\n\n\n<p class=\"has-text-align-center\"><strong><em>Steckbrief<\/em><\/strong><\/p>\n\n\n\n<p>Trikotnummer: 3<\/p>\n\n\n\n<p>Lieblingsgetr\u00e4nk: Feierabendbier<\/p>\n\n\n\n<p>Was ist dein Lieblings-Kosename? Baumi<\/p>\n\n\n\n<p>Welches Tier w\u00e4rst du gern? Hecht im Karpfenteich<\/p>\n\n\n\n<p>Welches Obst w\u00e4rst du? Zankapfel<\/p>\n\n\n\n<p>An was denkst du zuerst bei folgenden W\u00f6rtern:<\/p>\n\n\n\n<ul class=\"wp-block-list\">\n<li>Talkshow: Anne Will<\/li>\n\n\n\n<li>Schokolade: -nseite<\/li>\n\n\n\n<li>Licht: Sonne<\/li>\n\n\n\n<li>7-Meter: Knipser<\/li>\n<\/ul>\n\n\n\n<p class=\"has-text-align-center\"><strong><em>Wer ist eigentlich&#8230; Simon?<\/em><\/strong><\/p>\n\n\n<div class=\"wp-block-image\">\n<figure class=\"aligncenter size-large\"><img loading=\"lazy\" decoding=\"async\" width=\"846\" height=\"960\" src=\"https:\/\/ht16sce.de\/wp-content\/uploads\/2020\/11\/simon.jpg?w=846\" alt=\"\" class=\"wp-image-118\" srcset=\"https:\/\/ht16sce.de\/wp-content\/uploads\/2020\/11\/simon.jpg 846w, https:\/\/ht16sce.de\/wp-content\/uploads\/2020\/11\/simon-264x300.jpg 264w, https:\/\/ht16sce.de\/wp-content\/uploads\/2020\/11\/simon-768x871.jpg 768w\" sizes=\"(max-width: 846px) 100vw, 846px\" \/><\/figure>\n<\/div>\n\n\n<p class=\"has-text-align-center\"><strong><em>Steckbrief<\/em><\/strong><\/p>\n\n\n\n<p>Trikotnummer: 15<\/p>\n\n\n\n<p>Lieblingsgetr\u00e4nk: Moscow Mule<\/p>\n\n\n\n<p>Was ist dein Lieblings-Kosename? Walla<\/p>\n\n\n\n<p>Welches Tier w\u00e4rst du gern? Pinguiun<\/p>\n\n\n\n<p>Welches Obst w\u00e4rst du? Apfel<\/p>\n\n\n\n<p>An was denkst du zuerst bei folgenden W\u00f6rtern:<\/p>\n\n\n\n<ul class=\"wp-block-list\">\n<li>Talkshow: Britt<\/li>\n\n\n\n<li>Schokolade: mit Salz!<\/li>\n\n\n\n<li>Alkohol: gerne!<\/li>\n\n\n\n<li>Licht: Sommer<\/li>\n\n\n\n<li>7-Meter: K\u00f6nnen gerne andere werfen&#8230;<\/li>\n<\/ul>\n\n\n\n<p class=\"has-text-align-center\"><strong><em>Wer ist eigentlich&#8230; Felix?<\/em><\/strong><\/p>\n\n\n\n<figure class=\"wp-block-image size-large\"><img loading=\"lazy\" decoding=\"async\" width=\"934\" height=\"1920\" src=\"https:\/\/ht16sce.de\/wp-content\/uploads\/2020\/11\/lexi.jpg?w=498\" alt=\"\" class=\"wp-image-125\" srcset=\"https:\/\/ht16sce.de\/wp-content\/uploads\/2020\/11\/lexi.jpg 934w, https:\/\/ht16sce.de\/wp-content\/uploads\/2020\/11\/lexi-146x300.jpg 146w, https:\/\/ht16sce.de\/wp-content\/uploads\/2020\/11\/lexi-498x1024.jpg 498w, https:\/\/ht16sce.de\/wp-content\/uploads\/2020\/11\/lexi-768x1579.jpg 768w, https:\/\/ht16sce.de\/wp-content\/uploads\/2020\/11\/lexi-747x1536.jpg 747w\" sizes=\"(max-width: 934px) 100vw, 934px\" \/><\/figure>\n\n\n\n<p class=\"has-text-align-center\"><strong><em>Steckbrief<\/em><\/strong><\/p>\n\n\n\n<p>Trikotnummer: 14<\/p>\n\n\n\n<p>Lieblingsgetr\u00e4nk: Fritz-Kola<\/p>\n\n\n\n<p>Was ist dein Lieblings-Kosename? Fixel<\/p>\n\n\n\n<p>Welches Tier w\u00e4rst du gern? Adler<\/p>\n\n\n\n<p>Welches Obst w\u00e4rst du? Banane<\/p>\n\n\n\n<p>An was denkst du zuerst bei folgenden W\u00f6rtern:<\/p>\n\n\n\n<ul class=\"wp-block-list\">\n<li>Talkshow: Was ist das?<\/li>\n\n\n\n<li>Schokolade: After Eight<\/li>\n\n\n\n<li>Alkohol: Flens<\/li>\n\n\n\n<li>Licht: Schatten<\/li>\n\n\n\n<li>7-Meter: Tunneln<\/li>\n<\/ul>\n\n\n\n<p class=\"has-text-align-center\"><strong><em>Wer ist eigentlich&#8230; Fritsche?<\/em><\/strong><\/p>\n\n\n\n<figure class=\"wp-block-image size-large\"><img loading=\"lazy\" decoding=\"async\" width=\"1200\" height=\"1600\" src=\"https:\/\/ht16sce.de\/wp-content\/uploads\/2020\/11\/img-20200912-wa0029.jpg?w=768\" alt=\"\" class=\"wp-image-127\" srcset=\"https:\/\/ht16sce.de\/wp-content\/uploads\/2020\/11\/img-20200912-wa0029.jpg 1200w, https:\/\/ht16sce.de\/wp-content\/uploads\/2020\/11\/img-20200912-wa0029-225x300.jpg 225w, https:\/\/ht16sce.de\/wp-content\/uploads\/2020\/11\/img-20200912-wa0029-768x1024.jpg 768w, https:\/\/ht16sce.de\/wp-content\/uploads\/2020\/11\/img-20200912-wa0029-1152x1536.jpg 1152w\" sizes=\"(max-width: 1200px) 100vw, 1200px\" \/><\/figure>\n\n\n\n<p class=\"has-text-align-center\"><strong><em>Steckbrief<\/em><\/strong><\/p>\n\n\n\n<p>Trikotnummer: 23<\/p>\n\n\n\n<p>Lieblingsgetr\u00e4nk: Ebbelwoi<\/p>\n\n\n\n<p>Was ist dein Lieblings-Kosename? Fritschi<\/p>\n\n\n\n<p>Welches Tier w\u00e4rst du gern? Adler<\/p>\n\n\n\n<p>Welches Obst w\u00e4rst du? Apfel<\/p>\n\n\n\n<p>An was denkst du zuerst bei folgenden W\u00f6rtern:<\/p>\n\n\n\n<ul class=\"wp-block-list\">\n<li>Talkshow: Zwei bei Kallwas<\/li>\n\n\n\n<li>Schokolade: Spiel, Spa\u00df, Spannung<\/li>\n\n\n\n<li>Alkohol: Handball<\/li>\n\n\n\n<li>Licht: Jesus<\/li>\n\n\n\n<li>7-Meter: Versagen<\/li>\n<\/ul>\n\n\n\n<p class=\"has-text-align-center\"><strong><em>Wer ist eigentlich&#8230; Uli?<\/em><\/strong><\/p>\n\n\n\n<figure class=\"wp-block-image size-large\"><img loading=\"lazy\" decoding=\"async\" width=\"1080\" height=\"1920\" src=\"https:\/\/ht16sce.de\/wp-content\/uploads\/2020\/11\/screenshot_20201129-210246_video-player.jpg?w=576\" alt=\"\" class=\"wp-image-144\" srcset=\"https:\/\/ht16sce.de\/wp-content\/uploads\/2020\/11\/screenshot_20201129-210246_video-player.jpg 1080w, https:\/\/ht16sce.de\/wp-content\/uploads\/2020\/11\/screenshot_20201129-210246_video-player-169x300.jpg 169w, https:\/\/ht16sce.de\/wp-content\/uploads\/2020\/11\/screenshot_20201129-210246_video-player-576x1024.jpg 576w, https:\/\/ht16sce.de\/wp-content\/uploads\/2020\/11\/screenshot_20201129-210246_video-player-768x1365.jpg 768w, https:\/\/ht16sce.de\/wp-content\/uploads\/2020\/11\/screenshot_20201129-210246_video-player-864x1536.jpg 864w\" sizes=\"(max-width: 1080px) 100vw, 1080px\" \/><\/figure>\n\n\n\n<p class=\"has-text-align-center\"><strong><em>Steckbrief<\/em><\/strong><\/p>\n\n\n\n<p>Trikotnummer: 21<\/p>\n\n\n\n<p>Lieblingsgetr\u00e4nk: Helles<\/p>\n\n\n\n<p>Was ist dein Lieblings-Kosename? Rost<\/p>\n\n\n\n<p>Welches Tier w\u00e4rst du gern? Panther<\/p>\n\n\n\n<p>Welches Obst w\u00e4rst du? Erdbere<\/p>\n\n\n\n<p>An was denkst du zuerst bei folgenden W\u00f6rtern:<\/p>\n\n\n\n<ul class=\"wp-block-list\">\n<li>Talkshow: talk talk talk<\/li>\n\n\n\n<li>Schokolade: Wei\u00df<\/li>\n\n\n\n<li>Alkohol: Mhhhhhhh&lt;3<\/li>\n\n\n\n<li>Licht: Job<\/li>\n\n\n\n<li>7-Meter: Weitsprung?<\/li>\n<\/ul>\n\n\n\n<p class=\"has-text-align-center\"><strong><em>Wer ist eigentlich&#8230; K-Paul?<\/em><\/strong><\/p>\n\n\n\n<figure class=\"wp-block-image size-large\"><img loading=\"lazy\" decoding=\"async\" width=\"1600\" height=\"1200\" src=\"https:\/\/ht16sce.de\/wp-content\/uploads\/2020\/11\/k-paul.jpg?w=1024\" alt=\"\" class=\"wp-image-141\" srcset=\"https:\/\/ht16sce.de\/wp-content\/uploads\/2020\/11\/k-paul.jpg 1600w, https:\/\/ht16sce.de\/wp-content\/uploads\/2020\/11\/k-paul-300x225.jpg 300w, https:\/\/ht16sce.de\/wp-content\/uploads\/2020\/11\/k-paul-1024x768.jpg 1024w, https:\/\/ht16sce.de\/wp-content\/uploads\/2020\/11\/k-paul-768x576.jpg 768w, https:\/\/ht16sce.de\/wp-content\/uploads\/2020\/11\/k-paul-1536x1152.jpg 1536w\" sizes=\"(max-width: 1600px) 100vw, 1600px\" \/><\/figure>\n\n\n\n<p class=\"has-text-align-center\"><strong><em>Steckbrief<\/em><\/strong><\/p>\n\n\n\n<p>Trikotnummer: Ich k\u00e4mpfe f\u00fcr die 8<\/p>\n\n\n\n<p>Lieblingsgetr\u00e4nk: Wei\u00dfwein, mit deutlichem Abstand<\/p>\n\n\n\n<p>Was ist dein Lieblings-Kosename? Kevin<\/p>\n\n\n\n<p>Welches Tier w\u00e4rst du gern? Panda<\/p>\n\n\n\n<p>Welches Obst w\u00e4rst du? Granatapfel<\/p>\n\n\n\n<p>An was denkst du zuerst bei folgenden W\u00f6rtern:<\/p>\n\n\n\n<ul class=\"wp-block-list\">\n<li>Talkshow: Oli Gei\u00dfen<\/li>\n\n\n\n<li>Schokolade: Nutella und L\u00f6ffel<\/li>\n\n\n\n<li>Alkohol: gerne \u00f6fter<\/li>\n\n\n\n<li>Licht: zu hell<\/li>\n\n\n\n<li>7-Meter: zu viel Druck<\/li>\n<\/ul>\n\n\n\n<p class=\"has-text-align-center\"><strong><em>Wer ist eigentlich&#8230; Niko?<\/em><\/strong><\/p>\n\n\n\n<figure class=\"wp-block-image size-large\"><img loading=\"lazy\" decoding=\"async\" width=\"1600\" height=\"1600\" src=\"https:\/\/ht16sce.de\/wp-content\/uploads\/2021\/09\/b78cf6d3-087a-44de-9029-1e0c588995cd.jpeg?w=1024\" alt=\"\" class=\"wp-image-232\" srcset=\"https:\/\/ht16sce.de\/wp-content\/uploads\/2021\/09\/b78cf6d3-087a-44de-9029-1e0c588995cd.jpeg 1600w, https:\/\/ht16sce.de\/wp-content\/uploads\/2021\/09\/b78cf6d3-087a-44de-9029-1e0c588995cd-300x300.jpeg 300w, https:\/\/ht16sce.de\/wp-content\/uploads\/2021\/09\/b78cf6d3-087a-44de-9029-1e0c588995cd-1024x1024.jpeg 1024w, https:\/\/ht16sce.de\/wp-content\/uploads\/2021\/09\/b78cf6d3-087a-44de-9029-1e0c588995cd-150x150.jpeg 150w, https:\/\/ht16sce.de\/wp-content\/uploads\/2021\/09\/b78cf6d3-087a-44de-9029-1e0c588995cd-768x768.jpeg 768w, https:\/\/ht16sce.de\/wp-content\/uploads\/2021\/09\/b78cf6d3-087a-44de-9029-1e0c588995cd-1536x1536.jpeg 1536w\" sizes=\"(max-width: 1600px) 100vw, 1600px\" \/><\/figure>\n\n\n\n<p class=\"has-text-align-center\"><strong><em>Steckbrief<\/em><\/strong><\/p>\n\n\n\n<p>Trikotnummer: Zuletzt 44<\/p>\n\n\n\n<p>Lieblingsgetr\u00e4nk: Mexikaner<\/p>\n\n\n\n<p>Was ist dein Lieblings-Kosename? Niko<\/p>\n\n\n\n<p>Welches Tier w\u00e4rst du gern? Eisb\u00e4r<\/p>\n\n\n\n<p>Welches Obst w\u00e4rst du? Blaubeere<\/p>\n\n\n\n<p>An was denkst du zuerst bei folgenden W\u00f6rtern:<\/p>\n\n\n\n<ul class=\"wp-block-list\">\n<li>Talkshow: TV Total<\/li>\n\n\n\n<li>Schokolade: Zartbitter mit Kaffee<\/li>\n\n\n\n<li>Alkohol: Portwein<\/li>\n\n\n\n<li>Licht: &#8222;Alexa, mach das Licht an!&#8220;<\/li>\n\n\n\n<li>7-Meter: 1000 andere bevor ich werfe<\/li>\n<\/ul>\n\n\n\n<p class=\"has-text-align-center\"><\/p>\n","protected":false},"excerpt":{"rendered":"<p>Wer ist eigentlich&#8230; der Coach? Steckbrief Trikotnummer: Coach Lieblingsgetr\u00e4nk: Kakao\/ Gin Tonic Was ist dein Lieblings-Kosename? Schatzi Welches Tier w\u00e4rst du gern? Albatross Welches Obst w\u00e4rst du? Mango An was denkst du zuerst bei folgenden W\u00f6rtern: Wer ist eigentlich&#8230; Mats? Steckbrief Trikotnummer: 39 Lieblingsgetr\u00e4nk: Ratsherrn Was ist dein Lieblings-Kosename? Hase Welches Tier w\u00e4rst du gern?&hellip;&nbsp;<a href=\"https:\/\/ht16sce.de\/?page_id=9\" rel=\"bookmark\">Weiterlesen &raquo;<span class=\"screen-reader-text\">Steckbriefe<\/span><\/a><\/p>\n","protected":false},"author":2,"featured_media":0,"parent":0,"menu_order":0,"comment_status":"closed","ping_status":"closed","template":"","meta":{"neve_meta_sidebar":"","neve_meta_container":"","neve_meta_enable_content_width":"","neve_meta_content_width":0,"neve_meta_title_alignment":"","neve_meta_author_avatar":"","neve_post_elements_order":"","neve_meta_disable_header":"","neve_meta_disable_footer":"","neve_meta_disable_title":"","_themeisle_gutenberg_block_has_review":false,"footnotes":""},"class_list":["post-9","page","type-page","status-publish","hentry"],"_links":{"self":[{"href":"https:\/\/ht16sce.de\/index.php?rest_route=\/wp\/v2\/pages\/9","targetHints":{"allow":["GET"]}}],"collection":[{"href":"https:\/\/ht16sce.de\/index.php?rest_route=\/wp\/v2\/pages"}],"about":[{"href":"https:\/\/ht16sce.de\/index.php?rest_route=\/wp\/v2\/types\/page"}],"author":[{"embeddable":true,"href":"https:\/\/ht16sce.de\/index.php?rest_route=\/wp\/v2\/users\/2"}],"replies":[{"embeddable":true,"href":"https:\/\/ht16sce.de\/index.php?rest_route=%2Fwp%2Fv2%2Fcomments&post=9"}],"version-history":[{"count":0,"href":"https:\/\/ht16sce.de\/index.php?rest_route=\/wp\/v2\/pages\/9\/revisions"}],"wp:attachment":[{"href":"https:\/\/ht16sce.de\/index.php?rest_route=%2Fwp%2Fv2%2Fmedia&parent=9"}],"curies":[{"name":"wp","href":"https:\/\/api.w.org\/{rel}","templated":true}]}}